{"id":432,"date":"2014-10-29T12:34:11","date_gmt":"2014-10-29T12:34:11","guid":{"rendered":"http:\/\/moredadealava.com\/zerbitzuak\/asociacion-cultural-la-quema-de-los-judas\/"},"modified":"2014-10-29T12:34:11","modified_gmt":"2014-10-29T12:34:11","slug":"asociacion-cultural-la-quema-de-los-judas","status":"publish","type":"page","link":"https:\/\/www.moredadealava.com\/eu\/zerbitzuak\/asociacion-cultural-la-quema-de-los-judas\/","title":{"rendered":"Asociaci\u00f3n Cultural La quema de los Judas"},"content":{"rendered":"<p>Asociaci\u00f3n dedicada a mantener las tradiciones y cultura del municipio de Moreda de \u00c1lava; tambi\u00e9n encargada de crear eventos para personas de todas las edades.<\/p>\n<p><strong><span style=\"color: #800080;\">MISI\u00d3N<\/span><\/strong><\/p>\n<p>El objetivo de la Asociaci\u00f3n es principalmente el promover las tradiciones y cultura de nuestro municipio, Moreda de \u00c1lava. Pero tambi\u00e9n la de promocionar y lograr que el pueblo adquiera m\u00e1s vida y no decaiga o envejezca la poblaci\u00f3n; es decir proporcionar dinamismo al pueblo.<\/p>\n<p>La Asociaci\u00f3n Quema de los Judas organiza en Moreda de \u00c1lava durante el curso escolar:<\/p>\n<ul>\n<li><strong>Talleres musicales para ni\u00f1os de 4 a 12 a\u00f1os<\/strong><br \/>\nFecha de comienzo: 5 de octubre<br \/>\nHorario: S\u00e1bados de 16h a 18h&#8230;<br \/>\nPrecio: 10\u20ac\/mes<\/li>\n<\/ul>\n<ul>\n<li><strong>Clases de txistu, triki y lenguaje musical ( ni\u00f1os y adultos)<\/strong><br \/>\nFecha de comienzo: 4 de octubre<br \/>\nHorario: Viernes (ma\u00f1ana y tarde) y s\u00e1bados (tarde).<br \/>\nPrecio 15\u20ac\/mes<\/li>\n<\/ul>\n<p>Para poder participar de dichas actividades hay que hacerse socio de la Asociaci\u00f3n, cuyas cuotas son de 10\u20ac la individual, y 20\u20ac la familiar (en la cual entran los hijos hasta los 25 a\u00f1os de edad).<\/p>\n<p><a href=\"http:\/\/moredadealava.com\/wp-content\/uploads\/2014\/10\/102-5345.jpg\"><img loading=\"lazy\" class=\"alignnone size-medium wp-image-221\" src=\"http:\/\/moredadealava.com\/wp-content\/uploads\/2014\/10\/102-5345-300x225.jpg\" alt=\"102-5345\" width=\"300\" height=\"225\" srcset=\"https:\/\/www.moredadealava.com\/wp-content\/uploads\/2014\/10\/102-5345-300x225.jpg 300w, https:\/\/www.moredadealava.com\/wp-content\/uploads\/2014\/10\/102-5345.jpg 800w\" sizes=\"(max-width: 300px) 100vw, 300px\" \/><\/a> <a href=\"http:\/\/moredadealava.com\/wp-content\/uploads\/2014\/10\/102-9084.jpg\"><img loading=\"lazy\" class=\"alignnone size-medium wp-image-222\" src=\"http:\/\/moredadealava.com\/wp-content\/uploads\/2014\/10\/102-9084-300x225.jpg\" alt=\"102-9084\" width=\"300\" height=\"225\" srcset=\"https:\/\/www.moredadealava.com\/wp-content\/uploads\/2014\/10\/102-9084-300x225.jpg 300w, https:\/\/www.moredadealava.com\/wp-content\/uploads\/2014\/10\/102-9084.jpg 800w\" sizes=\"(max-width: 300px) 100vw, 300px\" \/><\/a><\/p>\n<p><strong>Direcci\u00f3n de correo electr\u00f3nico<\/strong><br \/>\n<a href=\"mailto:quemalosjudasmoreda@gmail.com\">quemalosjudasmoreda@gmail.com<\/a><\/p>\n<p><a href=\"https:\/\/www.facebook.com\/pages\/Asociaci%C3%B3n-Cultural-La-Quema-de-Los-Judas\/1430099993880160?sk=info\" target=\"_blank\">En Facebook<\/a><\/p>\n","protected":false},"excerpt":{"rendered":"<p>Asociaci\u00f3n dedicada a mantener las tradiciones y cultura del municipio de Moreda de \u00c1lava; tambi\u00e9n encargada de crear eventos para personas de todas las edades. MISI\u00d3N El objetivo de la Asociaci\u00f3n es principalmente el promover las tradiciones y cultura de nuestro municipio, Moreda de \u00c1lava. Pero tambi\u00e9n la de promocionar y lograr que el pueblo &#8230;<\/p>\n","protected":false},"author":2,"featured_media":0,"parent":397,"menu_order":0,"comment_status":"closed","ping_status":"closed","template":"","meta":{"_mi_skip_tracking":false,"_monsterinsights_sitenote_active":false,"_monsterinsights_sitenote_note":"","_monsterinsights_sitenote_category":0,"ngg_post_thumbnail":0},"yoast_head":"<!-- This site is optimized with the Yoast SEO plugin v18.3 - https:\/\/yoast.com\/wordpress\/plugins\/seo\/ -->\n<title>Asociaci\u00f3n Cultural La quema de los Judas - Moreda Arabako Udala<\/title>\n<meta name=\"robots\" content=\"index, follow, max-snippet:-1, max-image-preview:large, max-video-preview:-1\" \/>\n<link rel=\"canonical\" href=\"https:\/\/www.moredadealava.com\/eu\/zerbitzuak\/asociacion-cultural-la-quema-de-los-judas\/\" \/>\n<meta property=\"og:locale\" content=\"en_US\" \/>\n<meta property=\"og:type\" content=\"article\" \/>\n<meta property=\"og:title\" content=\"Asociaci\u00f3n Cultural La quema de los Judas - Moreda Arabako Udala\" \/>\n<meta property=\"og:description\" content=\"Asociaci\u00f3n dedicada a mantener las tradiciones y cultura del municipio de Moreda de \u00c1lava; tambi\u00e9n encargada de crear eventos para personas de todas las edades. MISI\u00d3N El objetivo de la Asociaci\u00f3n es principalmente el promover las tradiciones y cultura de nuestro municipio, Moreda de \u00c1lava. Pero tambi\u00e9n la de promocionar y lograr que el pueblo ...\" \/>\n<meta property=\"og:url\" content=\"https:\/\/www.moredadealava.com\/eu\/zerbitzuak\/asociacion-cultural-la-quema-de-los-judas\/\" \/>\n<meta property=\"og:site_name\" content=\"Moreda Arabako Udala\" \/>\n<meta property=\"og:image\" content=\"http:\/\/moredadealava.com\/wp-content\/uploads\/2014\/10\/102-5345-300x225.jpg\" \/>\n<meta name=\"twitter:label1\" content=\"Est. reading time\" \/>\n\t<meta name=\"twitter:data1\" content=\"1 minutua\" \/>\n<script type=\"application\/ld+json\" class=\"yoast-schema-graph\">{\"@context\":\"https:\/\/schema.org\",\"@graph\":[{\"@type\":\"WebSite\",\"@id\":\"https:\/\/www.moredadealava.com\/#website\",\"url\":\"https:\/\/www.moredadealava.com\/\",\"name\":\"Moreda Arabako Udala\",\"description\":\"Moreda Arabako Udala\",\"potentialAction\":[{\"@type\":\"SearchAction\",\"target\":{\"@type\":\"EntryPoint\",\"urlTemplate\":\"https:\/\/www.moredadealava.com\/?s={search_term_string}\"},\"query-input\":\"required name=search_term_string\"}],\"inLanguage\":\"eu\"},{\"@type\":\"ImageObject\",\"@id\":\"https:\/\/www.moredadealava.com\/eu\/zerbitzuak\/asociacion-cultural-la-quema-de-los-judas\/#primaryimage\",\"inLanguage\":\"eu\",\"url\":\"http:\/\/moredadealava.com\/wp-content\/uploads\/2014\/10\/102-5345-300x225.jpg\",\"contentUrl\":\"http:\/\/moredadealava.com\/wp-content\/uploads\/2014\/10\/102-5345-300x225.jpg\"},{\"@type\":\"WebPage\",\"@id\":\"https:\/\/www.moredadealava.com\/eu\/zerbitzuak\/asociacion-cultural-la-quema-de-los-judas\/#webpage\",\"url\":\"https:\/\/www.moredadealava.com\/eu\/zerbitzuak\/asociacion-cultural-la-quema-de-los-judas\/\",\"name\":\"Asociaci\u00f3n Cultural La quema de los Judas - Moreda Arabako Udala\",\"isPartOf\":{\"@id\":\"https:\/\/www.moredadealava.com\/#website\"},\"primaryImageOfPage\":{\"@id\":\"https:\/\/www.moredadealava.com\/eu\/zerbitzuak\/asociacion-cultural-la-quema-de-los-judas\/#primaryimage\"},\"datePublished\":\"2014-10-29T12:34:11+00:00\",\"dateModified\":\"2014-10-29T12:34:11+00:00\",\"breadcrumb\":{\"@id\":\"https:\/\/www.moredadealava.com\/eu\/zerbitzuak\/asociacion-cultural-la-quema-de-los-judas\/#breadcrumb\"},\"inLanguage\":\"eu\",\"potentialAction\":[{\"@type\":\"ReadAction\",\"target\":[\"https:\/\/www.moredadealava.com\/eu\/zerbitzuak\/asociacion-cultural-la-quema-de-los-judas\/\"]}]},{\"@type\":\"BreadcrumbList\",\"@id\":\"https:\/\/www.moredadealava.com\/eu\/zerbitzuak\/asociacion-cultural-la-quema-de-los-judas\/#breadcrumb\",\"itemListElement\":[{\"@type\":\"ListItem\",\"position\":1,\"name\":\"Portada\",\"item\":\"https:\/\/www.moredadealava.com\/\"},{\"@type\":\"ListItem\",\"position\":2,\"name\":\"Zerbitzuak\",\"item\":\"https:\/\/www.moredadealava.com\/eu\/zerbitzuak\/\"},{\"@type\":\"ListItem\",\"position\":3,\"name\":\"Asociaci\u00f3n Cultural La quema de los Judas\"}]}]}<\/script>\n<!-- \/ Yoast SEO plugin. -->","yoast_head_json":{"title":"Asociaci\u00f3n Cultural La quema de los Judas - Moreda Arabako Udala","robots":{"index":"index","follow":"follow","max-snippet":"max-snippet:-1","max-image-preview":"max-image-preview:large","max-video-preview":"max-video-preview:-1"},"canonical":"https:\/\/www.moredadealava.com\/eu\/zerbitzuak\/asociacion-cultural-la-quema-de-los-judas\/","og_locale":"en_US","og_type":"article","og_title":"Asociaci\u00f3n Cultural La quema de los Judas - Moreda Arabako Udala","og_description":"Asociaci\u00f3n dedicada a mantener las tradiciones y cultura del municipio de Moreda de \u00c1lava; tambi\u00e9n encargada de crear eventos para personas de todas las edades. MISI\u00d3N El objetivo de la Asociaci\u00f3n es principalmente el promover las tradiciones y cultura de nuestro municipio, Moreda de \u00c1lava. Pero tambi\u00e9n la de promocionar y lograr que el pueblo ...","og_url":"https:\/\/www.moredadealava.com\/eu\/zerbitzuak\/asociacion-cultural-la-quema-de-los-judas\/","og_site_name":"Moreda Arabako Udala","og_image":[{"url":"http:\/\/moredadealava.com\/wp-content\/uploads\/2014\/10\/102-5345-300x225.jpg"}],"twitter_misc":{"Est. reading time":"1 minutua"},"schema":{"@context":"https:\/\/schema.org","@graph":[{"@type":"WebSite","@id":"https:\/\/www.moredadealava.com\/#website","url":"https:\/\/www.moredadealava.com\/","name":"Moreda Arabako Udala","description":"Moreda Arabako Udala","potentialAction":[{"@type":"SearchAction","target":{"@type":"EntryPoint","urlTemplate":"https:\/\/www.moredadealava.com\/?s={search_term_string}"},"query-input":"required name=search_term_string"}],"inLanguage":"eu"},{"@type":"ImageObject","@id":"https:\/\/www.moredadealava.com\/eu\/zerbitzuak\/asociacion-cultural-la-quema-de-los-judas\/#primaryimage","inLanguage":"eu","url":"http:\/\/moredadealava.com\/wp-content\/uploads\/2014\/10\/102-5345-300x225.jpg","contentUrl":"http:\/\/moredadealava.com\/wp-content\/uploads\/2014\/10\/102-5345-300x225.jpg"},{"@type":"WebPage","@id":"https:\/\/www.moredadealava.com\/eu\/zerbitzuak\/asociacion-cultural-la-quema-de-los-judas\/#webpage","url":"https:\/\/www.moredadealava.com\/eu\/zerbitzuak\/asociacion-cultural-la-quema-de-los-judas\/","name":"Asociaci\u00f3n Cultural La quema de los Judas - Moreda Arabako Udala","isPartOf":{"@id":"https:\/\/www.moredadealava.com\/#website"},"primaryImageOfPage":{"@id":"https:\/\/www.moredadealava.com\/eu\/zerbitzuak\/asociacion-cultural-la-quema-de-los-judas\/#primaryimage"},"datePublished":"2014-10-29T12:34:11+00:00","dateModified":"2014-10-29T12:34:11+00:00","breadcrumb":{"@id":"https:\/\/www.moredadealava.com\/eu\/zerbitzuak\/asociacion-cultural-la-quema-de-los-judas\/#breadcrumb"},"inLanguage":"eu","potentialAction":[{"@type":"ReadAction","target":["https:\/\/www.moredadealava.com\/eu\/zerbitzuak\/asociacion-cultural-la-quema-de-los-judas\/"]}]},{"@type":"BreadcrumbList","@id":"https:\/\/www.moredadealava.com\/eu\/zerbitzuak\/asociacion-cultural-la-quema-de-los-judas\/#breadcrumb","itemListElement":[{"@type":"ListItem","position":1,"name":"Portada","item":"https:\/\/www.moredadealava.com\/"},{"@type":"ListItem","position":2,"name":"Zerbitzuak","item":"https:\/\/www.moredadealava.com\/eu\/zerbitzuak\/"},{"@type":"ListItem","position":3,"name":"Asociaci\u00f3n Cultural La quema de los Judas"}]}]}},"_links":{"self":[{"href":"https:\/\/www.moredadealava.com\/eu\/wp-json\/wp\/v2\/pages\/432"}],"collection":[{"href":"https:\/\/www.moredadealava.com\/eu\/wp-json\/wp\/v2\/pages"}],"about":[{"href":"https:\/\/www.moredadealava.com\/eu\/wp-json\/wp\/v2\/types\/page"}],"author":[{"embeddable":true,"href":"https:\/\/www.moredadealava.com\/eu\/wp-json\/wp\/v2\/users\/2"}],"replies":[{"embeddable":true,"href":"https:\/\/www.moredadealava.com\/eu\/wp-json\/wp\/v2\/comments?post=432"}],"version-history":[{"count":0,"href":"https:\/\/www.moredadealava.com\/eu\/wp-json\/wp\/v2\/pages\/432\/revisions"}],"up":[{"embeddable":true,"href":"https:\/\/www.moredadealava.com\/eu\/wp-json\/wp\/v2\/pages\/397"}],"wp:attachment":[{"href":"https:\/\/www.moredadealava.com\/eu\/wp-json\/wp\/v2\/media?parent=432"}],"curies":[{"name":"wp","href":"https:\/\/api.w.org\/{rel}","templated":true}]}}

Asociación Cultural La quema de los Judas

<p>Asociación dedicada a mantener las tradiciones y cultura del municipio de Moreda de Álava; también encargada de crear eventos para personas de todas las edades.</p>
<p><strong><span style="color: #800080;">MISIÓN</span></strong></p>
<p>El objetivo de la Asociación es principalmente el promover las tradiciones y cultura de nuestro municipio, Moreda de Álava. Pero también la de promocionar y lograr que el pueblo adquiera más vida y no decaiga o envejezca la población; es decir proporcionar dinamismo al pueblo.</p>
<p>La Asociación Quema de los Judas organiza en Moreda de Álava durante el curso escolar:</p>
<ul>
<li><strong>Talleres musicales para niños de 4 a 12 años</strong><br />
Fecha de comienzo: 5 de octubre<br />
Horario: Sábados de 16h a 18h&#8230;<br />
Precio: 10€/mes</li>
</ul>
<ul>
<li><strong>Clases de txistu, triki y lenguaje musical ( niños y adultos)</strong><br />
Fecha de comienzo: 4 de octubre<br />
Horario: Viernes (mañana y tarde) y sábados (tarde).<br />
Precio 15€/mes</li>
</ul>
<p>Para poder participar de dichas actividades hay que hacerse socio de la Asociación, cuyas cuotas son de 10€ la individual, y 20€ la familiar (en la cual entran los hijos hasta los 25 años de edad).</p>
<p><a href="http://moredadealava.com/wp-content/uploads/2014/10/102-5345.jpg"><img loading="lazy" class="alignnone size-medium wp-image-221" src="http://moredadealava.com/wp-content/uploads/2014/10/102-5345-300x225.jpg" alt="102-5345" width="300" height="225" srcset="https://www.moredadealava.com/wp-content/uploads/2014/10/102-5345-300x225.jpg 300w, https://www.moredadealava.com/wp-content/uploads/2014/10/102-5345.jpg 800w" sizes="(max-width: 300px) 100vw, 300px" /></a> <a href="http://moredadealava.com/wp-content/uploads/2014/10/102-9084.jpg"><img loading="lazy" class="alignnone size-medium wp-image-222" src="http://moredadealava.com/wp-content/uploads/2014/10/102-9084-300x225.jpg" alt="102-9084" width="300" height="225" srcset="https://www.moredadealava.com/wp-content/uploads/2014/10/102-9084-300x225.jpg 300w, https://www.moredadealava.com/wp-content/uploads/2014/10/102-9084.jpg 800w" sizes="(max-width: 300px) 100vw, 300px" /></a></p>
<p><strong>Dirección de correo electrónico</strong><br />
<a href="mailto:quemalosjudasmoreda@gmail.com">quemalosjudasmoreda@gmail.com</a></p>
<p><a href="https://www.facebook.com/pages/Asociaci%C3%B3n-Cultural-La-Quema-de-Los-Judas/1430099993880160?sk=info" target="_blank">En Facebook</a></p>

<p>Asociación dedicada a mantener las tradiciones y cultura del municipio de Moreda de Álava; también encargada de crear eventos para personas de todas las edades. MISIÓN El objetivo de la Asociación es principalmente el promover las tradiciones y cultura de nuestro municipio, Moreda de Álava. Pero también la de promocionar y lograr que el pueblo &#8230;</p>

<!-- This site is optimized with the Yoast SEO plugin v18.3 - https://yoast.com/wordpress/plugins/seo/ -->
<title>Asociación Cultural La quema de los Judas - Moreda Arabako Udala</title>
<meta name="robots" content="index, follow, max-snippet:-1, max-image-preview:large, max-video-preview:-1" />
<link rel="canonical" href="https://www.moredadealava.com/eu/zerbitzuak/asociacion-cultural-la-quema-de-los-judas/" />
<meta property="og:locale" content="en_US" />
<meta property="og:type" content="article" />
<meta property="og:title" content="Asociación Cultural La quema de los Judas - Moreda Arabako Udala" />
<meta property="og:description" content="Asociación dedicada a mantener las tradiciones y cultura del municipio de Moreda de Álava; también encargada de crear eventos para personas de todas las edades. MISIÓN El objetivo de la Asociación es principalmente el promover las tradiciones y cultura de nuestro municipio, Moreda de Álava. Pero también la de promocionar y lograr que el pueblo ..." />
<meta property="og:url" content="https://www.moredadealava.com/eu/zerbitzuak/asociacion-cultural-la-quema-de-los-judas/" />
<meta property="og:site_name" content="Moreda Arabako Udala" />
<meta property="og:image" content="http://moredadealava.com/wp-content/uploads/2014/10/102-5345-300x225.jpg" />
<meta name="twitter:label1" content="Est. reading time" />
	<meta name="twitter:data1" content="1 minutua" />
<script type="application/ld+json" class="yoast-schema-graph">{"@context":"https://schema.org","@graph":[{"@type":"WebSite","@id":"https://www.moredadealava.com/#website","url":"https://www.moredadealava.com/","name":"Moreda Arabako Udala","description":"Moreda Arabako Udala","potentialAction":[{"@type":"SearchAction","target":{"@type":"EntryPoint","urlTemplate":"https://www.moredadealava.com/?s={search_term_string}"},"query-input":"required name=search_term_string"}],"inLanguage":"eu"},{"@type":"ImageObject","@id":"https://www.moredadealava.com/eu/zerbitzuak/asociacion-cultural-la-quema-de-los-judas/#primaryimage","inLanguage":"eu","url":"http://moredadealava.com/wp-content/uploads/2014/10/102-5345-300x225.jpg","contentUrl":"http://moredadealava.com/wp-content/uploads/2014/10/102-5345-300x225.jpg"},{"@type":"WebPage","@id":"https://www.moredadealava.com/eu/zerbitzuak/asociacion-cultural-la-quema-de-los-judas/#webpage","url":"https://www.moredadealava.com/eu/zerbitzuak/asociacion-cultural-la-quema-de-los-judas/","name":"Asociación Cultural La quema de los Judas - Moreda Arabako Udala","isPartOf":{"@id":"https://www.moredadealava.com/#website"},"primaryImageOfPage":{"@id":"https://www.moredadealava.com/eu/zerbitzuak/asociacion-cultural-la-quema-de-los-judas/#primaryimage"},"datePublished":"2014-10-29T12:34:11+00:00","dateModified":"2014-10-29T12:34:11+00:00","breadcrumb":{"@id":"https://www.moredadealava.com/eu/zerbitzuak/asociacion-cultural-la-quema-de-los-judas/#breadcrumb"},"inLanguage":"eu","potentialAction":[{"@type":"ReadAction","target":["https://www.moredadealava.com/eu/zerbitzuak/asociacion-cultural-la-quema-de-los-judas/"]}]},{"@type":"BreadcrumbList","@id":"https://www.moredadealava.com/eu/zerbitzuak/asociacion-cultural-la-quema-de-los-judas/#breadcrumb","itemListElement":[{"@type":"ListItem","position":1,"name":"Portada","item":"https://www.moredadealava.com/"},{"@type":"ListItem","position":2,"name":"Zerbitzuak","item":"https://www.moredadealava.com/eu/zerbitzuak/"},{"@type":"ListItem","position":3,"name":"Asociación Cultural La quema de los Judas"}]}]}</script>
<!-- / Yoast SEO plugin. -->

Asociación Cultural La quema de los Judas - Moreda Arabako Udala

Asociación dedicada a mantener las tradiciones y cultura del municipio de Moreda de Álava; también encargada de crear eventos para personas de todas las edades. MISIÓN El objetivo de la Asociación es principalmente el promover las tradiciones y cultura de nuestro municipio, Moreda de Álava. Pero también la de promocionar y lograr que el pueblo ...
